23 - 10?
-11733
In base 6, what is 210252 - -5?
210301
In base 16, what is -78e05 + 7?
-78dfe
In base 5, what is -24124 - 0?
-24124
In base 8, what is 13 - 22416?
-22403
In base 10, what is -16592 + -116?
-16708
In base 5, what is -324104 + -11?
-324120
In base 14, what is -5 - -3c115?
3c110
In base 11, what is 1335487 + -5?
1335482
In base 15, what is -1 + 2510?
250e
In base 3, what is 22111002210 - 10?
22111002200
In base 7, what is 5 - 2513331?
-2513323
In base 10, what is -87 - -7775?
7688
In base 3, what is 2110212 - 102?
2110110
In base 5, what is -44031132 - 4?
-44031141
In base 9, what is -181162 - -3?
-181158
In base 12, what is -3 - 6481?
-6484
In base 13, what is 265c + -3?
2659
In base 11, what is -2a26 - 11?
-2a37
In base 5, what is 1410422 - -4?
1410431
In base 4, what is 2 + -213202320?
-213202312
In base 12, what is 1 + 1a817?
1a818
In base 7, what is -2205 + -2236?
-4444
In base 13, what is 30 - 440?
-410
In base 9, what is 8717 - -6?
8724
In base 13, what is -59033 - -1?
-59032
In base 8, what is 2500 + 531?
3231
In base 11, what is 35 - -21a56?
21a90
In base 6, what is -3 + 4212?
4205
In base 8, what is 651331 - 2?
651327
In base 14, what is -2 + -1d1b?
-1d1d
In base 9, what is -5 - 136548?
-136554
In base 11, what is 4 - -2794a8?
279501
In base 3, what is 111 + 212222202?
220000020
In base 10, what is -2 - 263491?
-263493
In base 4, what is -3 + 210122303?
210122300
In base 4, what is 30 + -10301131?
-10301101
In base 11, what is 20 + -6430?
-6410
In base 11, what is 883736 + 0?
883736
In base 11, what is 591 - -33?
614
In base 6, what is -112341 - 0?
-112341
In base 4, what is 100111110 - 2?
100111102
In base 3, what is -12120220 - 112?
-12121102
In base 8, what is 154373 + 31?
154424
In base 12, what is 1134 + -13?
1121
In base 16, what is 42 - -1bd?
1ff
In base 14, what is 13 - -36727?
3673a
In base 13, what is 6 - -1000?
1006
In base 12, what is 370 - -1a3b?
21ab
In base 15, what is 20d95 - -2?
20d97
In base 12, what is -6491 + -2?
-6493
In base 10, what is -2385 - -52?
-2333
In base 10, what is -2 - -6797?
6795
In base 3, what is -2 + -1221011111?
-1221011120
In base 6, what is 322214 + -52?
322122
In base 12, what is -26 + -1940?
-1966
In base 4, what is -132 + -13320300?
-13321032
In base 9, what is -2147640 - -2?
-2147637
In base 10, what is 199 - -4090?
4289
In base 8, what is 5411 + -11?
5400
In base 11, what is -a + -32843?
-32852
In base 13, what is 0 + 65890?
65890
In base 7, what is 34 + 355254?
355321
In base 12, what is -13 - 1329?
-1340
In base 5, what is -3 + -12344?
-12402
In base 10, what is -48850 + -16?
-48866
In base 16, what is 3 - 4eca1?
-4ec9e
In base 2, what is -111011100000110111011 + -1?
-111011100000110111100
In base 14, what is 4 + -1d94?
-1d90
In base 12, what is 574b85 + 5?
574b8a
In base 10, what is -245 - -121?
-124
In base 8, what is -2 - 1552752?
-1552754
In base 3, what is -12 + 200220212?
200220200
In base 2, what is 1010101010000100 - -11?
1010101010000111
In base 14, what is -37 + 55?
1c
In base 10, what is -114 - -1719?
1605
In base 11, what is -3 - 367a2?
-367a5
In base 7, what is -30023 - -3?
-30020
In base 16, what is 8de + 29?
907
In base 11, what is -2 - 2606?
-2608
In base 8, what is -22665 + 12?
-22653
In base 12, what is -29 - 1285?
-12b2
In base 16, what is d824d - -3?
d8250
In base 10, what is 6 - -322009?
322015
In base 7, what is -155254 - 26?
-155313
In base 10, what is -3207 + 233?
-2974
In base 8, what is 372071 - 1?
372070
In base 7, what is 232234 + 5?
232242
In base 11, what is 42a815 + 4?
42a819
In base 3, what is -11 + -1002000012110?
-1002000012121
In base 6, what is 2 - -100155430?
100155432
In base 3, what is -211111011 - -2?
-211111002
In base 16, what is -d3 - 421?
-4f4
In base 2, what is -110 - 10100011010100?
-10100011011010
In base 15, what is -3 - -70a42?
70a3e
In base 2, what is -11 - -101100010101101?
101100010101010
In base 4, what is -123 + 23102200?
23102011
In base 11, what is -5 + 2716a?
27165
In base 7, what is -5 - -430332?
430324
In base 8, what is 1602 + 303?
2105
In base 9, what is 106 - 31?
65
In base 7, what is -2053 - -25?
-2025
In base 8, what is -142 - -647?
505
In base 7, what is 6525423 + 1?
6525424
In base 9, what is -14538 + 301?
-14237
In base 8, what is 2 + 125710?
125712
In base 7, what is -10140 - -53?
-10054
In base 4, what is 31011033 + 3?
31011102
In base 10, what is 4 + 32999?
33003
In base 7, what is -535 - -2156?
1321
In base 12, what is 3555 + -4?
3551
In base 13, what is -2a9 + 1a1?
-108
In base 9, what is -3 + -213572?
-213575
In base 12, what is -539b0 - 0?
-539b0
In base 9, what is 72642 + 10?
72652
In base 10, what is 5 - -54490?
54495
In base 2, what is -10001111001000 - 11?
-10001111001011
In base 4, what is 3 + -13000123?
-13000120
In base 4, what is 3323122 - -2?
3323130
In base 2, what is 100011111111001 + -101?
100011111110100
In base 10, what is 5 - 17999?
-17994
In base 12, what is -40075 - -1?
-40074
In base 14, what is -119 - 515?
-630
In base 5, what is 4 + 311024?
311033
In base 6, what is -25 - -11015?
10550
In base 10, what is 6 - 6401?
-6395
In base 13, what is -5 - 1139?
-1141
In base 3, what is -1 - 11002101010?
-11002101011
In base 8, what is -11340 - -1?
-11337
In base 6, what is -105 - 144351?
-144500
In base 14, what is -14a2c7 - -1?
-14a2c6
In base 10, what is 2 + 10915?
10917
In base 2, what is 10001010000010010011000 - 0?
10001010000010010011000
In base 13, what is -1ac28 - 5?
-1ac30
In base 16, what is -5e2 + 24c?
-396
In base 6, what is -4314 + 2103?
-2211
In base 4, what is 2211023132 + 12?
2211023210
In base 8, what is 10162747 - 0?
10162747
In base 5, what is 4403 - -12144?
22102
In base 13, what is 1 - -3a15?
3a16
In base 3, what is 1220 + -120020221?
-120012001
In base 9, what is 3631704 + -4?
3631700
In base 3, what is -11012010221210 + 1?
-11012010221202
In base 16, what is 30 - -1fa?
22a
In base 14, what is -57 - 68c9?
-6942
In base 12, what is 364 + 8a2?
1046
In base 5, what is -214344 - 10?
-214404
In base 16, what is 2 - -1541c?
1541e
In base 13, what is 17 - -347?
361
In base 15, what is -d54 + -7?
-d5b
In base 7, what is -22303 + -112?
-22415
In base 12, what is -40b61 - 2?
-40b63
In base 8, what is -44441 + 27?
-44412
In base 9, what is 15 - -8702?
8717
In base 14, what is 7d15 - -1?
7d16
In base 11, what is -74 - 1435?
-14a9
In base 14, what is -4824 - 1b1?
-49d5
In base 13, what is -2b4c - -2a?
-2b22
In base 4, what is -202220000 + 2?
-202213332
In base 12, what is -6013 - -10?
-6003
In base 3, what is 12112102 + -11?
12112021
In base 12, what is -8 - -19391?
19385
In base 15, what is -70 + -2e6c?
-2edc
In base 8, what is 31135 + 7?
31144
In base 15, what is 4 + 575?
579
In base 13, what is -28 + 2c1b0?
2c185
In base 8, what is -207 - -127?
-60
In base 8, what is -21 - -3705?
3664
In base 15, what is -2d + 36b?
33d
In base 2, what is 1010011101110111101 - 10?
1010011101110111011
In base 9, what is -762758 - -1?
-762757
In base 10, what is -30 + -100?
-130
In base 3, what is -110100112210222 + 2?
-110100112210220
In base 2, what is 111001010010 + -100000010?
110101010000
In base 8, what is -27154 - 334?
-27510
In base 14, what is 397 + -1d?
378
In base 3, what is -111201 + 112120?
212
In base 13, what is -5 + -40a6?
-40ab
In base 12, what is 0 - -7b55?
7b55
In base 10, what is 9570 + 33?
9603
In base 11, what is -128 - 103?
-230
In base 15, what is 1 + -732?
-731
In base 12, what is 225b9 + 18?
22615
In base 12, what is 1 + 29ab4?
29ab5
In base 5, what is -4 - -2023214?
2023210
In base 15, what is 8 + -46a?
-462
In base 5, what is -1 - -1214131?
1214130
In base 11, what is 145587 - 3?
145584
In base 5, what is 11144434 + 103?
11200042
In base 2, what is -100010001100011000 + -1010?
-100010001100100010
In base 4, what is 1011210 - 101101?
310103
In base 2, what is 100101011010111111 + -10?
100101011010111101
In base 7, what is -2600041 + 1?
-2600040
In base 15, what is 2809d5 + 4?
2809d9
In base 3, what is -2000 - -1001002?
222002
In base 16, what is 23c9 - -a?
23d3
In base 14, what is -3 + -6784?
-6787
In base 9, what is -1355 - -73?
-1272
In base 14, what is -854 + 625?
-22d
In base 5, what is -34012323 - -3?
-34012320
In base 6, what is 0 + -352323?
-352323
In base 13, w